{"id":5380,"date":"2024-04-18T17:38:18","date_gmt":"2024-04-18T17:38:18","guid":{"rendered":"https:\/\/retoparedes.com\/sitio\/?page_id=5380"},"modified":"2024-04-18T17:54:38","modified_gmt":"2024-04-18T17:54:38","slug":"maraton-60km","status":"publish","type":"page","link":"https:\/\/retoparedes.com\/sitio\/maraton-60km\/","title":{"rendered":"Maraton 60km"},"content":{"rendered":"\t\t<div data-elementor-type=\"wp-page\" data-elementor-id=\"5380\" class=\"elementor elementor-5380\">\n\t\t\t\t\t\t<section class=\"elementor-section elementor-top-section elementor-element elementor-element-b3004a4 elementor-section-boxed elementor-section-height-default elementor-section-height-default\" data-id=\"b3004a4\" data-element_type=\"section\">\n\t\t\t\t\t\t<div class=\"elementor-container elementor-column-gap-extended\">\n\t\t\t\t\t<div class=\"elementor-column elementor-col-100 elementor-top-column elementor-element elementor-element-c2330b5 sc_layouts_column_icons_position_left\" data-id=\"c2330b5\" data-element_type=\"column\">\n\t\t\t<div class=\"elementor-widget-wrap elementor-element-populated\">\n\t\t\t\t\t\t<div class=\"elementor-element elementor-element-7509198 elementor-widget elementor-widget-heading\" data-id=\"7509198\" data-element_type=\"widget\" data-widget_type=\"heading.default\">\n\t\t\t\t<div class=\"elementor-widget-container\">\n\t\t\t<h2 class=\"elementor-heading-title elementor-size-default\">Marat\u00f3n (60km): <\/h2>\t\t<\/div>\n\t\t\t\t<\/div>\n\t\t\t\t\t<\/div>\n\t\t<\/div>\n\t\t\t\t\t<\/div>\n\t\t<\/section>\n\t\t\t\t<section class=\"elementor-section elementor-top-section elementor-element elementor-element-eb0a239 elementor-section-boxed elementor-section-height-default elementor-section-height-default\" data-id=\"eb0a239\" data-element_type=\"section\">\n\t\t\t\t\t\t<div class=\"elementor-container elementor-column-gap-extended\">\n\t\t\t\t\t<div class=\"elementor-column elementor-col-100 elementor-top-column elementor-element elementor-element-8543fe3 sc_layouts_column_icons_position_left\" data-id=\"8543fe3\" data-element_type=\"column\">\n\t\t\t<div class=\"elementor-widget-wrap elementor-element-populated\">\n\t\t\t\t\t\t<div class=\"elementor-element elementor-element-db3a4ac elementor-widget-divider--view-line elementor-widget elementor-widget-divider\" data-id=\"db3a4ac\" data-element_type=\"widget\" data-widget_type=\"divider.default\">\n\t\t\t\t<div class=\"elementor-widget-container\">\n\t\t\t\t\t<div class=\"elementor-divider\">\n\t\t\t<span class=\"elementor-divider-separator\">\n\t\t\t\t\t\t<\/span>\n\t\t<\/div>\n\t\t\t\t<\/div>\n\t\t\t\t<\/div>\n\t\t\t\t\t<\/div>\n\t\t<\/div>\n\t\t\t\t\t<\/div>\n\t\t<\/section>\n\t\t\t\t<section class=\"elementor-section elementor-top-section elementor-element elementor-element-67bbf88 elementor-section-boxed elementor-section-height-default elementor-section-height-default\" data-id=\"67bbf88\" data-element_type=\"section\">\n\t\t\t\t\t\t<div class=\"elementor-container elementor-column-gap-extended\">\n\t\t\t\t\t<div class=\"elementor-column elementor-col-100 elementor-top-column elementor-element elementor-element-482a4e8 sc_layouts_column_icons_position_left\" data-id=\"482a4e8\" data-element_type=\"column\">\n\t\t\t<div class=\"elementor-widget-wrap elementor-element-populated\">\n\t\t\t\t\t\t<div class=\"elementor-element elementor-element-7e0ae2e elementor-widget elementor-widget-text-editor\" data-id=\"7e0ae2e\" data-element_type=\"widget\" data-widget_type=\"text-editor.default\">\n\t\t\t\t<div class=\"elementor-widget-container\">\n\t\t\t\t\t\t\t<h4>Un Desaf\u00edo Intermedio para los Intr\u00e9pidos<\/h4><p><span style=\"font-size: 14px; letter-spacing: 0.42px;\">Para aquellos que buscan un desaf\u00edo m\u00e1s prolongado y exigente, el Marat\u00f3n de 60 kil\u00f3metros ofrece una experiencia emocionante que pondr\u00e1 a prueba su resistencia y habilidades t\u00e9cnicas. Con una altitud m\u00e1xima de poco m\u00e1s de 1300 metros, esta ruta desafiante lleva a los participantes a trav\u00e9s de terrenos variados y exigentes, desde empinadas subidas hasta vertiginosas bajadas.<\/span><\/p><p>\u00a0<\/p><p>\u00a0<\/p>\t\t\t\t\t\t<\/div>\n\t\t\t\t<\/div>\n\t\t\t\t\t<\/div>\n\t\t<\/div>\n\t\t\t\t\t<\/div>\n\t\t<\/section>\n\t\t\t\t<section class=\"elementor-section elementor-top-section elementor-element elementor-element-f0e5944 elementor-section-boxed elementor-section-height-default elementor-section-height-default\" data-id=\"f0e5944\" data-element_type=\"section\">\n\t\t\t\t\t\t<div class=\"elementor-container elementor-column-gap-extended\">\n\t\t\t\t\t<div class=\"elementor-column elementor-col-33 elementor-top-column elementor-element elementor-element-81db1fb sc_layouts_column_icons_position_left\" data-id=\"81db1fb\" data-element_type=\"column\">\n\t\t\t<div class=\"elementor-widget-wrap elementor-element-populated\">\n\t\t\t\t\t\t<div class=\"elementor-element elementor-element-3813d5c elementor-widget elementor-widget-image\" data-id=\"3813d5c\" data-element_type=\"widget\" data-widget_type=\"image.default\">\n\t\t\t\t<div class=\"elementor-widget-container\">\n\t\t\t\t\t\t\t\t\t\t\t\t\t\t<a href=\"https:\/\/retoparedes.com\/sitio\/wp-content\/uploads\/2024\/04\/Paredes60.zip\" target=\"_blank\">\n\t\t\t\t\t\t\t<img fetchpriority=\"high\" decoding=\"async\" width=\"1024\" height=\"1024\" src=\"https:\/\/retoparedes.com\/sitio\/wp-content\/uploads\/2024\/04\/gpx-1024x1024.png\" class=\"attachment-large size-large wp-image-5221\" alt=\"\" srcset=\"https:\/\/retoparedes.com\/sitio\/wp-content\/uploads\/2024\/04\/gpx-1024x1024.png 1024w, https:\/\/retoparedes.com\/sitio\/wp-content\/uploads\/2024\/04\/gpx-300x300.png 300w, https:\/\/retoparedes.com\/sitio\/wp-content\/uploads\/2024\/04\/gpx-150x150.png 150w, https:\/\/retoparedes.com\/sitio\/wp-content\/uploads\/2024\/04\/gpx-768x768.png 768w, https:\/\/retoparedes.com\/sitio\/wp-content\/uploads\/2024\/04\/gpx-370x370.png 370w, https:\/\/retoparedes.com\/sitio\/wp-content\/uploads\/2024\/04\/gpx-155x155.png 155w, https:\/\/retoparedes.com\/sitio\/wp-content\/uploads\/2024\/04\/gpx-357x357.png 357w, https:\/\/retoparedes.com\/sitio\/wp-content\/uploads\/2024\/04\/gpx-745x745.png 745w, https:\/\/retoparedes.com\/sitio\/wp-content\/uploads\/2024\/04\/gpx-365x365.png 365w, https:\/\/retoparedes.com\/sitio\/wp-content\/uploads\/2024\/04\/gpx-720x720.png 720w, https:\/\/retoparedes.com\/sitio\/wp-content\/uploads\/2024\/04\/gpx-600x600.png 600w, https:\/\/retoparedes.com\/sitio\/wp-content\/uploads\/2024\/04\/gpx.png 1099w\" sizes=\"(max-width: 1024px) 100vw, 1024px\" \/>\t\t\t\t\t\t\t\t<\/a>\n\t\t\t\t\t\t\t\t\t\t\t\t\t<\/div>\n\t\t\t\t<\/div>\n\t\t\t\t\t<\/div>\n\t\t<\/div>\n\t\t\t\t<div class=\"elementor-column elementor-col-66 elementor-top-column elementor-element elementor-element-60e8372 sc_layouts_column_icons_position_left\" data-id=\"60e8372\" data-element_type=\"column\">\n\t\t\t<div class=\"elementor-widget-wrap elementor-element-populated\">\n\t\t\t\t\t\t<div class=\"elementor-element elementor-element-406c79a elementor-widget elementor-widget-image\" data-id=\"406c79a\" data-element_type=\"widget\" data-widget_type=\"image.default\">\n\t\t\t\t<div class=\"elementor-widget-container\">\n\t\t\t\t\t\t\t\t\t\t\t\t\t<img decoding=\"async\" width=\"1024\" height=\"465\" src=\"https:\/\/retoparedes.com\/sitio\/wp-content\/uploads\/2024\/04\/WhatsApp-Image-2024-04-12-at-14.27.05-1024x465.jpeg\" class=\"attachment-large size-large wp-image-5212\" alt=\"\" srcset=\"https:\/\/retoparedes.com\/sitio\/wp-content\/uploads\/2024\/04\/WhatsApp-Image-2024-04-12-at-14.27.05-1024x465.jpeg 1024w, https:\/\/retoparedes.com\/sitio\/wp-content\/uploads\/2024\/04\/WhatsApp-Image-2024-04-12-at-14.27.05-300x136.jpeg 300w, https:\/\/retoparedes.com\/sitio\/wp-content\/uploads\/2024\/04\/WhatsApp-Image-2024-04-12-at-14.27.05-768x348.jpeg 768w, https:\/\/retoparedes.com\/sitio\/wp-content\/uploads\/2024\/04\/WhatsApp-Image-2024-04-12-at-14.27.05-370x168.jpeg 370w, https:\/\/retoparedes.com\/sitio\/wp-content\/uploads\/2024\/04\/WhatsApp-Image-2024-04-12-at-14.27.05-745x338.jpeg 745w, https:\/\/retoparedes.com\/sitio\/wp-content\/uploads\/2024\/04\/WhatsApp-Image-2024-04-12-at-14.27.05-365x166.jpeg 365w, https:\/\/retoparedes.com\/sitio\/wp-content\/uploads\/2024\/04\/WhatsApp-Image-2024-04-12-at-14.27.05-740x336.jpeg 740w, https:\/\/retoparedes.com\/sitio\/wp-content\/uploads\/2024\/04\/WhatsApp-Image-2024-04-12-at-14.27.05-600x272.jpeg 600w, https:\/\/retoparedes.com\/sitio\/wp-content\/uploads\/2024\/04\/WhatsApp-Image-2024-04-12-at-14.27.05.jpeg 1316w\" sizes=\"(max-width: 1024px) 100vw, 1024px\" \/>\t\t\t\t\t\t\t\t\t\t\t\t\t<\/div>\n\t\t\t\t<\/div>\n\t\t\t\t\t<\/div>\n\t\t<\/div>\n\t\t\t\t\t<\/div>\n\t\t<\/section>\n\t\t\t\t<section class=\"elementor-section elementor-top-section elementor-element elementor-element-006b878 elementor-section-boxed elementor-section-height-default elementor-section-height-default\" data-id=\"006b878\" data-element_type=\"section\">\n\t\t\t\t\t\t<div class=\"elementor-container elementor-column-gap-extended\">\n\t\t\t\t\t<div class=\"elementor-column elementor-col-100 elementor-top-column elementor-element elementor-element-339d269 sc_layouts_column_icons_position_left\" data-id=\"339d269\" data-element_type=\"column\">\n\t\t\t<div class=\"elementor-widget-wrap\">\n\t\t\t\t\t\t\t<\/div>\n\t\t<\/div>\n\t\t\t\t\t<\/div>\n\t\t<\/section>\n\t\t\t\t<\/div>\n\t\t","protected":false},"excerpt":{"rendered":"<p>Marat\u00f3n (60km): Un Desaf\u00edo Intermedio para los Intr\u00e9pidos Para aquellos que buscan un desaf\u00edo m\u00e1s prolongado y exigente, el Marat\u00f3n de 60 kil\u00f3metros ofrece una experiencia emocionante que pondr\u00e1 a prueba su resistencia y habilidades t\u00e9cnicas. Con una altitud m\u00e1xima de poco m\u00e1s de 1300 metros, esta ruta desafiante lleva a los&hellip;<\/p>\n","protected":false},"author":1,"featured_media":0,"parent":0,"menu_order":0,"comment_status":"closed","ping_status":"closed","template":"","meta":{"_siteseo_robots_primary_cat":"","footnotes":""},"class_list":["post-5380","page","type-page","status-publish","hentry"],"_links":{"self":[{"href":"https:\/\/retoparedes.com\/sitio\/wp-json\/wp\/v2\/pages\/5380","targetHints":{"allow":["GET"]}}],"collection":[{"href":"https:\/\/retoparedes.com\/sitio\/wp-json\/wp\/v2\/pages"}],"about":[{"href":"https:\/\/retoparedes.com\/sitio\/wp-json\/wp\/v2\/types\/page"}],"author":[{"embeddable":true,"href":"https:\/\/retoparedes.com\/sitio\/wp-json\/wp\/v2\/users\/1"}],"replies":[{"embeddable":true,"href":"https:\/\/retoparedes.com\/sitio\/wp-json\/wp\/v2\/comments?post=5380"}],"version-history":[{"count":10,"href":"https:\/\/retoparedes.com\/sitio\/wp-json\/wp\/v2\/pages\/5380\/revisions"}],"predecessor-version":[{"id":5415,"href":"https:\/\/retoparedes.com\/sitio\/wp-json\/wp\/v2\/pages\/5380\/revisions\/5415"}],"wp:attachment":[{"href":"https:\/\/retoparedes.com\/sitio\/wp-json\/wp\/v2\/media?parent=5380"}],"curies":[{"name":"wp","href":"https:\/\/api.w.org\/{rel}","templated":true}]}}