{"id":5845,"date":"2025-10-13T04:47:47","date_gmt":"2025-10-13T04:47:47","guid":{"rendered":"https:\/\/retoparedes.com\/sitio\/?page_id=5845"},"modified":"2026-04-15T03:10:29","modified_gmt":"2026-04-15T03:10:29","slug":"registrate","status":"publish","type":"page","link":"https:\/\/retoparedes.com\/sitio\/registrate\/","title":{"rendered":"REGISTRATE"},"content":{"rendered":"\t\t<div data-elementor-type=\"wp-page\" data-elementor-id=\"5845\" class=\"elementor elementor-5845\">\n\t\t\t\t\t\t<section class=\"elementor-section elementor-top-section elementor-element elementor-element-ce851c0 elementor-section-full_width elementor-section-height-default elementor-section-height-default\" data-id=\"ce851c0\" data-element_type=\"section\">\n\t\t\t\t\t\t<div class=\"elementor-container elementor-column-gap-wide\">\n\t\t\t\t\t<div class=\"elementor-column elementor-col-100 elementor-top-column elementor-element elementor-element-c59b586 sc_layouts_column_icons_position_left\" data-id=\"c59b586\" data-element_type=\"column\">\n\t\t\t<div class=\"elementor-widget-wrap elementor-element-populated\">\n\t\t\t\t\t\t<div class=\"elementor-element elementor-element-292f764 elementor-align-center elementor-widget elementor-widget-button\" data-id=\"292f764\" data-element_type=\"widget\" data-widget_type=\"button.default\">\n\t\t\t\t<div class=\"elementor-widget-container\">\n\t\t\t\t\t<div class=\"elementor-button-wrapper\">\n\t\t\t<a class=\"elementor-button elementor-button-link elementor-size-sm\" href=\"https:\/\/metadeportiva.com\/event\/reto-paredes-2026\">\n\t\t\t\t\t\t<span class=\"elementor-button-content-wrapper\">\n\t\t\t\t\t\t\t\t\t<span class=\"elementor-button-text\">INSCRIPCI\u00d3N 2026<\/span>\n\t\t\t\t\t<\/span>\n\t\t\t\t\t<\/a>\n\t\t<\/div>\n\t\t\t\t<\/div>\n\t\t\t\t<\/div>\n\t\t\t\t<div class=\"elementor-element elementor-element-0ce56b0 elementor-widget elementor-widget-heading\" data-id=\"0ce56b0\" data-element_type=\"widget\" data-widget_type=\"heading.default\">\n\t\t\t\t<div class=\"elementor-widget-container\">\n\t\t\t<h2 class=\"elementor-heading-title elementor-size-default\">A\u00f1ade aqu\u00ed tu texto de cabecera<\/h2>\t\t<\/div>\n\t\t\t\t<\/div>\n\t\t\t\t\t<\/div>\n\t\t<\/div>\n\t\t\t\t\t<\/div>\n\t\t<\/section>\n\t\t\t\t<section class=\"elementor-section elementor-top-section elementor-element elementor-element-7df197e elementor-section-boxed elementor-section-height-default elementor-section-height-default\" data-id=\"7df197e\" data-element_type=\"section\">\n\t\t\t\t\t\t<div class=\"elementor-container elementor-column-gap-extended\">\n\t\t\t\t\t<div class=\"elementor-column elementor-col-100 elementor-top-column elementor-element elementor-element-9f19778 sc_layouts_column_icons_position_left\" data-id=\"9f19778\" data-element_type=\"column\">\n\t\t\t<div class=\"elementor-widget-wrap\">\n\t\t\t\t\t\t\t<\/div>\n\t\t<\/div>\n\t\t\t\t\t<\/div>\n\t\t<\/section>\n\t\t\t\t<section class=\"elementor-section elementor-top-section elementor-element elementor-element-c78a041 elementor-section-boxed elementor-section-height-default elementor-section-height-default\" data-id=\"c78a041\" data-element_type=\"section\">\n\t\t\t\t\t\t<div class=\"elementor-container elementor-column-gap-extended\">\n\t\t\t\t\t<div class=\"elementor-column elementor-col-100 elementor-top-column elementor-element elementor-element-82bd15d sc_layouts_column_icons_position_left\" data-id=\"82bd15d\" data-element_type=\"column\">\n\t\t\t<div class=\"elementor-widget-wrap elementor-element-populated\">\n\t\t\t\t\t\t<div class=\"elementor-element elementor-element-d90a12d elementor-widget elementor-widget-image\" data-id=\"d90a12d\" data-element_type=\"widget\" data-widget_type=\"image.default\">\n\t\t\t\t<div class=\"elementor-widget-container\">\n\t\t\t\t\t\t\t\t\t\t\t\t\t\t<a href=\"https:\/\/metadeportiva.com\/event\/reto-paredes-2026\">\n\t\t\t\t\t\t\t<img fetchpriority=\"high\" decoding=\"async\" width=\"861\" height=\"1024\" src=\"https:\/\/retoparedes.com\/sitio\/wp-content\/uploads\/2026\/02\/paredes-costos-861x1024.jpeg\" class=\"attachment-large size-large wp-image-5883\" alt=\"\" srcset=\"https:\/\/retoparedes.com\/sitio\/wp-content\/uploads\/2026\/02\/paredes-costos-861x1024.jpeg 861w, https:\/\/retoparedes.com\/sitio\/wp-content\/uploads\/2026\/02\/paredes-costos-252x300.jpeg 252w, https:\/\/retoparedes.com\/sitio\/wp-content\/uploads\/2026\/02\/paredes-costos-768x913.jpeg 768w, https:\/\/retoparedes.com\/sitio\/wp-content\/uploads\/2026\/02\/paredes-costos-370x440.jpeg 370w, https:\/\/retoparedes.com\/sitio\/wp-content\/uploads\/2026\/02\/paredes-costos-745x886.jpeg 745w, https:\/\/retoparedes.com\/sitio\/wp-content\/uploads\/2026\/02\/paredes-costos-365x434.jpeg 365w, https:\/\/retoparedes.com\/sitio\/wp-content\/uploads\/2026\/02\/paredes-costos-606x720.jpeg 606w, https:\/\/retoparedes.com\/sitio\/wp-content\/uploads\/2026\/02\/paredes-costos-300x357.jpeg 300w, https:\/\/retoparedes.com\/sitio\/wp-content\/uploads\/2026\/02\/paredes-costos-600x713.jpeg 600w, https:\/\/retoparedes.com\/sitio\/wp-content\/uploads\/2026\/02\/paredes-costos.jpeg 1038w\" sizes=\"(max-width: 861px) 100vw, 861px\" \/>\t\t\t\t\t\t\t\t<\/a>\n\t\t\t\t\t\t\t\t\t\t\t\t\t<\/div>\n\t\t\t\t<\/div>\n\t\t\t\t\t<\/div>\n\t\t<\/div>\n\t\t\t\t\t<\/div>\n\t\t<\/section>\n\t\t\t\t<\/div>\n\t\t","protected":false},"excerpt":{"rendered":"<p>INSCRIPCI\u00d3N 2026 A\u00f1ade aqu\u00ed tu texto de cabecera<\/p>\n","protected":false},"author":1,"featured_media":5781,"parent":0,"menu_order":1,"comment_status":"closed","ping_status":"closed","template":"","meta":{"_siteseo_robots_primary_cat":"","footnotes":""},"class_list":["post-5845","page","type-page","status-publish","has-post-thumbnail","hentry"],"_links":{"self":[{"href":"https:\/\/retoparedes.com\/sitio\/wp-json\/wp\/v2\/pages\/5845","targetHints":{"allow":["GET"]}}],"collection":[{"href":"https:\/\/retoparedes.com\/sitio\/wp-json\/wp\/v2\/pages"}],"about":[{"href":"https:\/\/retoparedes.com\/sitio\/wp-json\/wp\/v2\/types\/page"}],"author":[{"embeddable":true,"href":"https:\/\/retoparedes.com\/sitio\/wp-json\/wp\/v2\/users\/1"}],"replies":[{"embeddable":true,"href":"https:\/\/retoparedes.com\/sitio\/wp-json\/wp\/v2\/comments?post=5845"}],"version-history":[{"count":37,"href":"https:\/\/retoparedes.com\/sitio\/wp-json\/wp\/v2\/pages\/5845\/revisions"}],"predecessor-version":[{"id":6004,"href":"https:\/\/retoparedes.com\/sitio\/wp-json\/wp\/v2\/pages\/5845\/revisions\/6004"}],"wp:featuredmedia":[{"embeddable":true,"href":"https:\/\/retoparedes.com\/sitio\/wp-json\/wp\/v2\/media\/5781"}],"wp:attachment":[{"href":"https:\/\/retoparedes.com\/sitio\/wp-json\/wp\/v2\/media?parent=5845"}],"curies":[{"name":"wp","href":"https:\/\/api.w.org\/{rel}","templated":true}]}}